{"id":2036,"date":"2022-05-24T23:15:09","date_gmt":"2022-05-25T02:15:09","guid":{"rendered":"https:\/\/abpa.annaerbetta.com\/?page_id=2036"},"modified":"2022-05-24T23:23:10","modified_gmt":"2022-05-25T02:23:10","slug":"plano-nacional-de-preservacao-audiovisual","status":"publish","type":"page","link":"https:\/\/abpa.annaerbetta.com\/index.php\/documentos\/plano-nacional-de-preservacao-audiovisual\/","title":{"rendered":"Plano Nacional de Preserva\u00e7\u00e3o Audiovisual\u200b"},"content":{"rendered":"\t\t<div data-elementor-type=\"wp-page\" data-elementor-id=\"2036\" class=\"elementor elementor-2036\">\n\t\t\t\t\t\t\t\t\t<section class=\"elementor-section elementor-top-section elementor-element elementor-element-a39ed88 elementor-section-height-min-height elementor-section-boxed elementor-section-height-default elementor-section-items-middle\" data-id=\"a39ed88\" data-element_type=\"section\" data-settings=\"{&quot;background_background&quot;:&quot;classic&quot;}\">\n\t\t\t\t\t\t\t<div class=\"elementor-background-overlay\"><\/div>\n\t\t\t\t\t\t\t<div class=\"elementor-container elementor-column-gap-default\">\n\t\t\t\t\t<div class=\"elementor-column elementor-col-100 elementor-top-column elementor-element elementor-element-245836e\" data-id=\"245836e\" data-element_type=\"column\">\n\t\t\t<div class=\"elementor-widget-wrap elementor-element-populated\">\n\t\t\t\t\t\t\t\t<div class=\"elementor-element elementor-element-89602e1 elementor-widget elementor-widget-heading\" data-id=\"89602e1\" data-element_type=\"widget\" data-widget_type=\"heading.default\">\n\t\t\t\t<div class=\"elementor-widget-container\">\n\t\t\t<style>\/*! elementor - v3.6.5 - 27-04-2022 *\/\n.elementor-heading-title{padding:0;margin:0;line-height:1}.elementor-widget-heading .elementor-heading-title[class*=elementor-size-]>a{color:inherit;font-size:inherit;line-height:inherit}.elementor-widget-heading .elementor-heading-title.elementor-size-small{font-size:15px}.elementor-widget-heading .elementor-heading-title.elementor-size-medium{font-size:19px}.elementor-widget-heading .elementor-heading-title.elementor-size-large{font-size:29px}.elementor-widget-heading .elementor-heading-title.elementor-size-xl{font-size:39px}.elementor-widget-heading .elementor-heading-title.elementor-size-xxl{font-size:59px}<\/style><h1 class=\"elementor-heading-title elementor-size-default\">Plano Nacional de <br>Preserva\u00e7\u00e3o Audiovisual<\/h1>\t\t<\/div>\n\t\t\t\t<\/div>\n\t\t\t\t<div class=\"elementor-element elementor-element-cc741ec elementor-absolute elementor-widget__width-initial elementor-widget elementor-widget-heading\" data-id=\"cc741ec\" data-element_type=\"widget\" data-settings=\"{&quot;motion_fx_motion_fx_scrolling&quot;:&quot;yes&quot;,&quot;motion_fx_translateX_effect&quot;:&quot;yes&quot;,&quot;motion_fx_translateX_direction&quot;:&quot;negative&quot;,&quot;motion_fx_translateX_speed&quot;:{&quot;unit&quot;:&quot;px&quot;,&quot;size&quot;:7.4,&quot;sizes&quot;:[]},&quot;_position&quot;:&quot;absolute&quot;,&quot;motion_fx_translateX_affectedRange&quot;:{&quot;unit&quot;:&quot;%&quot;,&quot;size&quot;:&quot;&quot;,&quot;sizes&quot;:{&quot;start&quot;:0,&quot;end&quot;:100}},&quot;motion_fx_devices&quot;:[&quot;desktop&quot;,&quot;tablet&quot;,&quot;mobile&quot;]}\" data-widget_type=\"heading.default\">\n\t\t\t\t<div class=\"elementor-widget-container\">\n\t\t\t<h1 class=\"elementor-heading-title elementor-size-default\">Plano Nacional de Preserva\u00e7\u00e3o Audiovisual\u200b<\/h1>\t\t<\/div>\n\t\t\t\t<\/div>\n\t\t\t\t\t<\/div>\n\t\t<\/div>\n\t\t\t\t\t\t\t<\/div>\n\t\t<\/section>\n\t\t\t\t<section class=\"elementor-section elementor-top-section elementor-element elementor-element-4e5dfb1 elementor-section-boxed elementor-section-height-default elementor-section-height-default\" data-id=\"4e5dfb1\" data-element_type=\"section\">\n\t\t\t\t\t\t<div class=\"elementor-container elementor-column-gap-default\">\n\t\t\t\t\t<div class=\"elementor-column elementor-col-100 elementor-top-column elementor-element elementor-element-17bece6\" data-id=\"17bece6\" data-element_type=\"column\">\n\t\t\t<div class=\"elementor-widget-wrap elementor-element-populated\">\n\t\t\t\t\t\t\t\t<div class=\"elementor-element elementor-element-dc99dda elementor-widget elementor-widget-text-editor\" data-id=\"dc99dda\" data-element_type=\"widget\" data-widget_type=\"text-editor.default\">\n\t\t\t\t<div class=\"elementor-widget-container\">\n\t\t\t<style>\/*! elementor - v3.6.5 - 27-04-2022 *\/\n.elementor-widget-text-editor.elementor-drop-cap-view-stacked .elementor-drop-cap{background-color:#818a91;color:#fff}.elementor-widget-text-editor.elementor-drop-cap-view-framed .elementor-drop-cap{color:#818a91;border:3px solid;background-color:transparent}.elementor-widget-text-editor:not(.elementor-drop-cap-view-default) .elementor-drop-cap{margin-top:8px}.elementor-widget-text-editor:not(.elementor-drop-cap-view-default) .elementor-drop-cap-letter{width:1em;height:1em}.elementor-widget-text-editor .elementor-drop-cap{float:left;text-align:center;line-height:1;font-size:50px}.elementor-widget-text-editor .elementor-drop-cap-letter{display:inline-block}<\/style>\t\t\t\t<p>Elaborado de forma coletiva pela Associa\u00e7\u00e3o Brasileira de Preserva\u00e7\u00e3o Audiovisual, o Plano Nacional de Preserva\u00e7\u00e3o Audiovisual (PNPA) \u00e9 um documento que se estabelece como diretriz para as pol\u00edticas p\u00fablicas voltadas ao campo da preserva\u00e7\u00e3o audiovisual.<br \/>Desenvolvido a partir de anos de discuss\u00f5es do setor, \u00e9 um diagn\u00f3stico sobre a situa\u00e7\u00e3o da preserva\u00e7\u00e3o audiovisual no Brasil \u2013 suas institui\u00e7\u00f5es, o estatuto dos profissionais da \u00e1rea, os avan\u00e7os e os desafios enfrentados na consolida\u00e7\u00e3o de uma pol\u00edtica p\u00fablica voltada \u00e0 preserva\u00e7\u00e3o do patrim\u00f4nio audiovisual brasileiro. O PNPA tamb\u00e9m estabelece defini\u00e7\u00f5es, normas e padr\u00f5es t\u00e9cnicos, al\u00e9m de ressaltar as especificidades do trabalho com preserva\u00e7\u00e3o audiovisual e o estatuto dos profissionais envolvidos nessa atividade no Brasil.<\/p><p>\u00a0<\/p><p>Aprovado em Assembleia Geral da ABPA durante o Encontro de Arquivos na 11a Mostra de Cinema de Ouro Preto, em 2016, o PNPA pretende ser um instrumento para a estrutura\u00e7\u00e3o do setor, um guia para boas pr\u00e1ticas e uma fonte de informa\u00e7\u00e3o importante para todos aqueles que atuam ou t\u00eam interesse em atuar com preserva\u00e7\u00e3o audiovisual no Brasil.<\/p><p><br \/>O PNPA est\u00e1 dividido em 4 partes:<br \/>(A) Introdu\u00e7\u00e3o<br \/>(B) Diagn\u00f3stico<br \/>(C) Objetivos e a\u00e7\u00f5es<br \/>(D) Metas<\/p><p><br \/>Disponibilizamos aqui o documento, aprovado na Assembleia Geral Ordin\u00e1ria da<br \/>Associa\u00e7\u00e3o Brasileira de Preserva\u00e7\u00e3o Audiovisual, em 27\/6\/2016.<\/p>\t\t\t\t\t\t<\/div>\n\t\t\t\t<\/div>\n\t\t\t\t\t<\/div>\n\t\t<\/div>\n\t\t\t\t\t\t\t<\/div>\n\t\t<\/section>\n\t\t\t\t\t\t\t<\/div>\n\t\t","protected":false},"excerpt":{"rendered":"<p>Plano Nacional de Preserva\u00e7\u00e3o Audiovisual Plano Nacional de Preserva\u00e7\u00e3o Audiovisual\u200b Elaborado de forma coletiva pela Associa\u00e7\u00e3o Brasileira de Preserva\u00e7\u00e3o Audiovisual, o Plano Nacional de Preserva\u00e7\u00e3o Audiovisual (PNPA) \u00e9 um documento que se estabelece como diretriz para as pol\u00edticas p\u00fablicas voltadas ao campo da preserva\u00e7\u00e3o audiovisual.Desenvolvido a partir de anos de discuss\u00f5es do setor, \u00e9 um [&hellip;]<\/p>\n","protected":false},"author":1,"featured_media":0,"parent":1912,"menu_order":0,"comment_status":"closed","ping_status":"closed","template":"","meta":{"footnotes":""},"class_list":["post-2036","page","type-page","status-publish","hentry"],"_links":{"self":[{"href":"https:\/\/abpa.annaerbetta.com\/index.php\/wp-json\/wp\/v2\/pages\/2036","targetHints":{"allow":["GET"]}}],"collection":[{"href":"https:\/\/abpa.annaerbetta.com\/index.php\/wp-json\/wp\/v2\/pages"}],"about":[{"href":"https:\/\/abpa.annaerbetta.com\/index.php\/wp-json\/wp\/v2\/types\/page"}],"author":[{"embeddable":true,"href":"https:\/\/abpa.annaerbetta.com\/index.php\/wp-json\/wp\/v2\/users\/1"}],"replies":[{"embeddable":true,"href":"https:\/\/abpa.annaerbetta.com\/index.php\/wp-json\/wp\/v2\/comments?post=2036"}],"version-history":[{"count":22,"href":"https:\/\/abpa.annaerbetta.com\/index.php\/wp-json\/wp\/v2\/pages\/2036\/revisions"}],"predecessor-version":[{"id":2059,"href":"https:\/\/abpa.annaerbetta.com\/index.php\/wp-json\/wp\/v2\/pages\/2036\/revisions\/2059"}],"up":[{"embeddable":true,"href":"https:\/\/abpa.annaerbetta.com\/index.php\/wp-json\/wp\/v2\/pages\/1912"}],"wp:attachment":[{"href":"https:\/\/abpa.annaerbetta.com\/index.php\/wp-json\/wp\/v2\/media?parent=2036"}],"curies":[{"name":"wp","href":"https:\/\/api.w.org\/{rel}","templated":true}]}}

Plano Nacional de Preservação Audiovisual​

<div data-elementor-type="wp-page" data-elementor-id="2036" class="elementor elementor-2036">
									<section class="elementor-section elementor-top-section elementor-element elementor-element-a39ed88 elementor-section-height-min-height elementor-section-boxed elementor-section-height-default elementor-section-items-middle" data-id="a39ed88" data-element_type="section" data-settings="{&quot;background_background&quot;:&quot;classic&quot;}">
							<div class="elementor-background-overlay"></div>
							<div class="elementor-container elementor-column-gap-default">
					<div class="elementor-column elementor-col-100 elementor-top-column elementor-element elementor-element-245836e" data-id="245836e" data-element_type="column">
			<div class="elementor-widget-wrap elementor-element-populated">
								<div class="elementor-element elementor-element-89602e1 elementor-widget elementor-widget-heading" data-id="89602e1" data-element_type="widget" data-widget_type="heading.default">
				<div class="elementor-widget-container">
			<style>/*! elementor - v3.6.5 - 27-04-2022 */
.elementor-heading-title{padding:0;margin:0;line-height:1}.elementor-widget-heading .elementor-heading-title[class*=elementor-size-]>a{color:inherit;font-size:inherit;line-height:inherit}.elementor-widget-heading .elementor-heading-title.elementor-size-small{font-size:15px}.elementor-widget-heading .elementor-heading-title.elementor-size-medium{font-size:19px}.elementor-widget-heading .elementor-heading-title.elementor-size-large{font-size:29px}.elementor-widget-heading .elementor-heading-title.elementor-size-xl{font-size:39px}.elementor-widget-heading .elementor-heading-title.elementor-size-xxl{font-size:59px}</style><h1 class="elementor-heading-title elementor-size-default">Plano Nacional de <br>Preservação Audiovisual</h1>		</div>
				</div>
				<div class="elementor-element elementor-element-cc741ec elementor-absolute elementor-widget__width-initial elementor-widget elementor-widget-heading" data-id="cc741ec" data-element_type="widget" data-settings="{&quot;motion_fx_motion_fx_scrolling&quot;:&quot;yes&quot;,&quot;motion_fx_translateX_effect&quot;:&quot;yes&quot;,&quot;motion_fx_translateX_direction&quot;:&quot;negative&quot;,&quot;motion_fx_translateX_speed&quot;:{&quot;unit&quot;:&quot;px&quot;,&quot;size&quot;:7.4,&quot;sizes&quot;:[]},&quot;_position&quot;:&quot;absolute&quot;,&quot;motion_fx_translateX_affectedRange&quot;:{&quot;unit&quot;:&quot;%&quot;,&quot;size&quot;:&quot;&quot;,&quot;sizes&quot;:{&quot;start&quot;:0,&quot;end&quot;:100}},&quot;motion_fx_devices&quot;:[&quot;desktop&quot;,&quot;tablet&quot;,&quot;mobile&quot;]}" data-widget_type="heading.default">
				<div class="elementor-widget-container">
			<h1 class="elementor-heading-title elementor-size-default">Plano Nacional de Preservação Audiovisual​</h1>		</div>
				</div>
					</div>
		</div>
							</div>
		</section>
				<section class="elementor-section elementor-top-section elementor-element elementor-element-4e5dfb1 elementor-section-boxed elementor-section-height-default elementor-section-height-default" data-id="4e5dfb1" data-element_type="section">
						<div class="elementor-container elementor-column-gap-default">
					<div class="elementor-column elementor-col-100 elementor-top-column elementor-element elementor-element-17bece6" data-id="17bece6" data-element_type="column">
			<div class="elementor-widget-wrap elementor-element-populated">
								<div class="elementor-element elementor-element-dc99dda elementor-widget elementor-widget-text-editor" data-id="dc99dda" data-element_type="widget" data-widget_type="text-editor.default">
				<div class="elementor-widget-container">
			<style>/*! elementor - v3.6.5 - 27-04-2022 */
.elementor-widget-text-editor.elementor-drop-cap-view-stacked .elementor-drop-cap{background-color:#818a91;color:#fff}.elementor-widget-text-editor.elementor-drop-cap-view-framed .elementor-drop-cap{color:#818a91;border:3px solid;background-color:transparent}.elementor-widget-text-editor:not(.elementor-drop-cap-view-default) .elementor-drop-cap{margin-top:8px}.elementor-widget-text-editor:not(.elementor-drop-cap-view-default) .elementor-drop-cap-letter{width:1em;height:1em}.elementor-widget-text-editor .elementor-drop-cap{float:left;text-align:center;line-height:1;font-size:50px}.elementor-widget-text-editor .elementor-drop-cap-letter{display:inline-block}</style>				<p>Elaborado de forma coletiva pela Associação Brasileira de Preservação Audiovisual, o Plano Nacional de Preservação Audiovisual (PNPA) é um documento que se estabelece como diretriz para as políticas públicas voltadas ao campo da preservação audiovisual.<br />Desenvolvido a partir de anos de discussões do setor, é um diagnóstico sobre a situação da preservação audiovisual no Brasil – suas instituições, o estatuto dos profissionais da área, os avanços e os desafios enfrentados na consolidação de uma política pública voltada à preservação do patrimônio audiovisual brasileiro. O PNPA também estabelece definições, normas e padrões técnicos, além de ressaltar as especificidades do trabalho com preservação audiovisual e o estatuto dos profissionais envolvidos nessa atividade no Brasil.</p><p> </p><p>Aprovado em Assembleia Geral da ABPA durante o Encontro de Arquivos na 11a Mostra de Cinema de Ouro Preto, em 2016, o PNPA pretende ser um instrumento para a estruturação do setor, um guia para boas práticas e uma fonte de informação importante para todos aqueles que atuam ou têm interesse em atuar com preservação audiovisual no Brasil.</p><p><br />O PNPA está dividido em 4 partes:<br />(A) Introdução<br />(B) Diagnóstico<br />(C) Objetivos e ações<br />(D) Metas</p><p><br />Disponibilizamos aqui o documento, aprovado na Assembleia Geral Ordinária da<br />Associação Brasileira de Preservação Audiovisual, em 27/6/2016.</p>						</div>
				</div>
					</div>
		</div>
							</div>
		</section>
							</div>

<p>Plano Nacional de Preservação Audiovisual Plano Nacional de Preservação Audiovisual​ Elaborado de forma coletiva pela Associação Brasileira de Preservação Audiovisual, o Plano Nacional de Preservação Audiovisual (PNPA) é um documento que se estabelece como diretriz para as políticas públicas voltadas ao campo da preservação audiovisual.Desenvolvido a partir de anos de discussões do setor, é um [&hellip;]</p>
